 - 6*t**2 + 2*t - 3. Let d be z(6). Calculate the highest common factor of d and n.
3
Suppose -5*q = 4*z - 9*z - 125, 40 = q + 4*z. Suppose 0*i - 126 = -3*i. What is the greatest common factor of q and i?
14
Let h(s) = 4*s**2 + 8*s + 7. Let o be h(-4). Let p = -12 + o. Let v be (13/5 - -1)*60. What is the highest common factor of p and v?
27
Let c be ((-20)/(-25))/((-2)/(-10)). Let w(j) = 2*j - 11. Let g be w(10). Let n be (g/12)/((-3)/(-24)). What is the highest common divisor of c and n?
2
Let y be -10 - -17 - (-2)/(-1)*-16. What is the greatest common divisor of 689 and y?
13
Let q be 3/7 - 21165/(-595). Calculate the greatest common factor of 44 and q.
4
Suppose 4*j - 360 = 2*j. Let n = -1330 + 1342. What is the highest common divisor of j and n?
12
Let g(y) = y**2 + 11*y - 2. Let n be g(-12). Suppose -3 - 37 = -2*p + k, -p - 2*k = -n. Calculate the greatest common factor of p and 6.
6
Let d(o) = -5*o + 5. Let t be d(-5). Suppose 0 = -5*v - 4*c + 66, -v = 6*c - 5*c - 14. What is the highest common factor of v and t?
10
Suppose -7*j - x = -2*j + 644, -2*j - 260 = x. Let h = 61 - j. What is the highest common divisor of h and 9?
9
Suppose 47*o + 4320 = 74*o. Calculate the highest common factor of 140 and o.
20
Let l = -43 + 92. Calculate the greatest common divisor of l and 14.
7
Suppose 9*v - 1438 - 1622 = 0. What is the greatest common factor of v and 20?
20
Let i(h) = -2*h**2 - 15*h + 6. Let o be i(-7). Calculate the highest common factor of o and 13.
13
Let z be 11 + 1/(2/(-8)). Let g be 3 + 0 + 2/(-2). Suppose -g*m + 42 - 14 = 0. Calculate the greatest common divisor of z and m.
7
Let y be 2*3/3 + 2. Let u be 0/y + 3 + 57. Let c = -38 + u. Calculate the greatest common divisor of 2 and c.
2
Suppose -4*p + 104 = -2*r + 14, -89 = -4*p + r. Calculate the greatest common divisor of p and 253.
11
Let k = 46 - 6. Let f be -5*((-18)/(-45) - 7/5). What is the highest common divisor of k and f?
5
Let l = 555 + -547. What is the highest common divisor of l and 296?
8
Let t = 62 + -60. Suppose 9*y + 24 = 11*y + 3*x, -y = t*x - 11. Calculate the greatest common divisor of y and 135.
15
Let j(g) = 496*g**2 + 5*g - 5. Let c be j(1). Calculate the highest common divisor of c and 31.
31
Suppose -4*g + 33 + 9 = 5*l, 0 = 2*l + 3*g - 21. Let x be 9/3*l + 2. Calculate the greatest common factor of 20 and x.
20
Suppose -2*k = 2*k - 20. Let t(i) = i**3 - 3*i**2 - 5*i - 5. Let v be t(k). What is the greatest common divisor of v and 10?
10
Let w(n) = -4*n + 5*n - 2*n - 7 + n**2 - 5*n. Let q be w(5). Let a be -36*(16/q - 2). What is the greatest common divisor of a and 15?
15
Suppose 2*k = 6*k - 12. Suppose -k*h + s = -s - 18, 2*s = -3*h + 6. Calculate the highest common divisor of 12 and h.
4
Suppose -2*d = -5*b - 68, -4*d + 4*b = -2*d - 64. Let a = 0 - -4. Calculate the highest common factor of a and d.
4
Suppose 3 - 1 = m. Let f be ((0 - 0)/(-10 - -9))/2. Suppose f*a + 24 = m*a - 4*o, 4*a = -3*o + 59. Calculate the greatest common factor of a and 14.
14
Suppose -4293 = -115*o + 106*o. Calculate the greatest common divisor of 212 and o.
53
Suppose 0*v = -v + 4*t + 70, t + 155 = 3*v. Let q = 35 - v. Let d be (20/q)/(3/(-9)). What is the greatest common factor of d and 2?
2
Let l be ((-11)/3 - 1)*(-18 - -15). What is the greatest common factor of 994 and l?
14
Suppose 4*o - 22 = y + 71, -3*y = -4*o + 103. Suppose 2*l + k = o + 24, -4*k = 4*l - 96. Calculate the highest common divisor of 2 and l.
2
Let l = -8 + 9. Suppose -l = -q + 23. What is the highest common divisor of q and 12?
12
Suppose r - 2 = -3*h, h + 5 = 3*r + 19. Suppose 0 = 3*w + 36 - 48. Let p(k) = 2*k**2 - 2*k - 2. Let z be p(w). Calculate the highest common factor of h and z.
2
Let j = -61 - -60. Let n(o) = -34*o + 2. Let z be n(j). What is the highest common factor of 36 and z?
36
Let d be 2/((-1)/(-13)*2). Suppose 5*l = 2*a - 0*a + 6, 3*a = -3*l - 9. Let k be -6*(l - (-2 - 34/(-4))). What is the highest common factor of d and k?
13
Let v = -150 + 318. Calculate the highest common divisor of 60 and v.
12
Let p(k) = 21*k - 31. Let x be p(13). What is the highest common factor of x and 44?
22
Let t(o) = -o**3 + 2*o**2 + o - 2. Let w be t(2). Let l be (3/2)/((-12)/(-8)). Let g = l + w. Calculate the greatest common divisor of g and 2.
1
Let n be ((-4)/(-8))/(1/2). Let f be 12 + (-2 + 7 - n). What is the highest common divisor of 176 and f?
16
Let q(w) = -2*w - 5. Let y be q(-4). Let b(c) = 11*c - 13. Let m be b(y). Calculate the greatest common divisor of m and 50.
10
Suppose 4*q - 13 = 83. Let v = q - 18. What is the highest common factor of 12 and v?
6
Suppose -4*j - 5*t - 37 = -209, -3*j + 3*t = -156. Calculate the highest common factor of 208 and j.
16
Let q = -46 + 48. Suppose -20 - 140 = -q*z. Calculate the highest common divisor of 16 and z.
16
Let x be 107 - (-4 - (-2 + -1)). Let o be -3*4/(-12) - 1. Let d be o + 3 + 6 + 3. What is the greatest common factor of x and d?
12
Let x(h) = 3*h - 3. Let f be x(4). Let q(g) = -g**3 + 10*g**2 - 3*g - 9. Let w be q(f). Let a = 21 + -16. Calculate the highest common factor of w and a.
5
Let b(j) = 3*j - 12. Let v be b(7). Let l be (0 + 45)/((-5)/((-30)/v)). What is the greatest common factor of l and 6?
6
Suppose -13*k = -240 + 45. Calculate the greatest common factor of k and 75.
15
Let k(f) = 6*f**3 + 32*f**2 - f - 4. Let i be k(-4). Calculate the greatest common divisor of 6 and i.
2
Suppose l - 5014 = -45*l. What is the greatest common factor of l and 1199?
109
Let k be 1830/70 - 24/(-28). What is the greatest common divisor of 297 and k?
27
Let m(y) be the first derivative of -y**4/4 - 2*y**3/3 - 2*y**2 - 3*y - 25. Let s be m(-2). What is the greatest common factor of 10 and s?
5
Suppose -6 = -7*g + 4*g, 4*g = -h + 4. Suppose -3*y - y = 5*o - 111, 107 = 3*y - o. Let l = y + h. What is the greatest common divisor of 15 and l?
15
Let x = 32 - 30. Suppose 2*s + 2*a + 54 = 7*s, x*s - 4*a = 12. Calculate the highest common divisor of 28 and s.
4
Let z = 4 - -2. Suppose -22*j = -15*j + 462. Let c be 49/6 + -2 + 11/j. Calculate the highest common factor of z and c.
6
Let m be (2/6)/((-13)/(-5928)). Calculate the highest common divisor of m and 19.
19
Suppose -8*f + 5*q = -7*f + 10, 0 = 4*q - 16. Let h be (-77)/(-5) + 6/f. Let y(g) = 51*g + 155. Let v be y(-3). Calculate the greatest common factor of v and h.
2
Suppose 0 = 2*j - 6*j - 120. Let i be (-4)/(-6)*(-315)/j. Calculate the highest common divisor of i and 21.
7
Suppose 0*w - 5*w + 65 = 0. Let q be ((-2)/(-4))/((-9)/(-18)). Let o be (-2 + 93)*(2 - q). Calculate the greatest common divisor of w and o.
13
Suppose 12*q - 1683 = -123. What is the highest common factor of q and 208?
26
Let v = -120 + 125. Suppose 0 = v*z - 13 - 12. Calculate the highest common factor of 25 and z.
5
Let s be 8/(0 + 8)*(-34)/(-2). What is the highest common divisor of s and 221?
17
Suppose -4*b = 2*i - 0*i - 54, 4*i = -2*b + 126. Suppose i - 123 = -5*y. Calculate the highest common factor of y and 54.
18
Let h be (-187)/33 + 5 - (-98)/3. Calculate the greatest common divisor of h and 36.
4
Let c be -180*(-1 - (-12)/18). Let o = -70 - -143. Let m = o + c. Calculate the greatest common divisor of 19 and m.
19
Suppose w - 2*u = 22, 5*u + 50 = 4*w - 23. Let k be (w/15)/(2/260). What is the greatest common factor of k and 13?
13
Let z be (3564/15 - -2) + 2/5. What is the greatest common factor of 30 and z?
30
Suppose 10*v + 15 = 15*v. Suppose -l - 60 = -v*l. Calculate the highest common factor of l and 30.
30
Let a(x) = x**3 + 10*x**2 + 12*x + 1. Let t be a(-8). Let d = t - -14. Calculate the greatest common factor of 423 and d.
47
Let j(y) = -15*y + 171. Let t be j(-15). Let o(z) = 11*z + 1. Let w be o(1). Calculate the greatest common divisor of w and t.
12
Let b = -8 + 11. Suppose i + b = 0, 2*i = 2*u - 6*u + 30. Let q be (-13 - -1)/(-9 - 553/(-63)). What is the greatest common factor of u and q?
9
Suppose 12*j = -5*f + 7*j + 210, 0 = -j. What is the highest common factor of 168 and f?
42
Let a = 77 - 29. Let o be (-6 - -5)*-7*1. Suppose o*c = c + 96. Calculate the greatest common divisor of a and c.
16
Let g be ((-54)/(-15))/(16/40). Let s = -25 + 52. What is the greatest common factor of g and s?
9
Suppose 0 = 155*y